alculate f(k).
-10
Let g(v) = -v**3 - 24*v**2 - 4*v - 2. Let x(u) = -u**3 - 21*u**2 - 3*u - 3. Let k(w) = 4*g(w) - 5*x(w). What is k(-9)?
16
Let z(r) = -8*r**3 - 75 + 8*r**2 + 158 - 82 - 11*r**2 + 3*r. What is z(-2)?
47
Let i(n) = 9905 - 29731 - n + 9908 + 9874. Give i(-33).
-11
Let f(q) = -4*q**2 + 9*q + 2 - 4*q + 3*q**2. Let t(o) = -o**3 + 10*o**2 + 5. Let r be -6 - -10 - -10 - 4. Let a be t(r). Calculate f(a).
2
Suppose -3*u + 12 = -u. Let j(y) be the third derivative of y**4/8 - 5*y**3/6 - 4*y**2 - 3*y + 2. Calculate j(u).
13
Suppose -92 = -87*p + 333 + 10. Let c(o) = -4*o**2 - o + 11. Let s(l) = -3*l**2 - 2*l + 10. Let x(u) = 4*c(u) - 5*s(u). Calculate x(p).
-1
Suppose -24 = -18*w + 14*w. Let x be w*2*(8 + -7). Let c(o) = o**3 - 11*o**2 - 14*o + 15. Calculate c(x).
-9
Let f(i) = i**2 - i + 5. Let z(s) = 2*s**2 - 3*s - 15. Let w(n) = -f(n) - z(n). What is w(5)?
-45
Let s(t) = -2*t + 8. Let j be s(6). Let m(k) = -3*k + 20. Let a(h) = -2*h + 9. Let g(v) = 7*a(v) - 3*m(v). Determine g(j).
23
Let j(z) = -z**2 - 2*z - 2. Let m(w) = -2*w**2 - 13*w - 5. Let p(t) = 3*j(t) - m(t). What is p(10)?
-31
Let b(o) = -21*o**2 + o. Suppose 2*l + 2*l = -3*i + 2, -3*l + 4*i + 14 = 0. Let s be 8/l - (-10)/(40/(-12)). Give b(s).
-20
Let w(v) = -v**2 - 3*v + 4. Let z = -1184 + 772. Let y = z + 407. Calculate w(y).
-6
Let n(i) = -57*i**2 + 51*i + 356. Let w(c) = -128*c**2 + 115*c + 791. Let r(h) = -20*n(h) + 9*w(h). What is r(3)?
-64
Let q(i) = 3*i**3 - i**2 - 2*i - 1. Let p(n) = 221*n - 98. Let x be p(-2). Let o = -538 - x. What is q(o)?
15
Let y(c) = c + 7. Let f = -160 + 169. What is y(f)?
16
Let j = -1606 + 1616. Let p(i) = i**3 - 10*i**2 + i - 9. What is p(j)?
1
Let a = -18 + 13. Let y(c) be the first derivative of c**4/4 + 5*c**3/3 + c**2 + 6*c + 1176. Calculate y(a).
-4
Let n(m) = 44*m - 201*m + m**2 + 16 + 49*m + 54*m + 40*m. Calculate n(12).
-8
Let l(t) = -t**3 - t**2 + 22*t + 8. Let x be l(0). Let v(j) = -10*j + 81. What is v(x)?
1
Let r(j) = 77 - 6 + 3*j + 26 - 217. Calculate r(42).
6
Suppose 11*b = b + 20. Let r(m) = 0 - 2 + b + 3*m + 4 - 1. What is r(-2)?
-3
Let j(x) = 7*x + 1. Suppose 0 = -27*c + 9*c - 4914. Let u be c/49 + 8/14. Calculate j(u).
-34
Suppose -206 = 5*d - 146. Let o(m) = -m**2 - 9*m + 29. Calculate o(d).
-7
Let s(b) be the second derivative of -b**4/12 - 2*b**3/3 + b. Let m = -818 - -411. Let t = 402 + m. Determine s(t).
-5
Suppose -t + 18 = p, -3*t - t + 56 = -4*p. Let l(k) = -66 - k + 2*k**2 + 32 + t*k**3 + 34. Suppose -15 = 3*x, 2*d + 2*x + 3 = -5. Calculate l(d).
17
Suppose 2*w = 2*v + 2, 38 - 22 = 2*v + 4*w. Let n(k) = 12*k**2 + 11 - k**3 - 3*k - 15*k**2 - 3*k**v. Calculate n(-5).
1
Let c = 4649 - 4653. Let h(y) = -5*y + 2*y - 3*y + 12*y. Give h(c).
-24
Let a(t) be the first derivative of 2*t**3/3 + 15*t**2/2 + 10*t + 1649. Give a(-7).
3
Suppose -86*d + 84*d - 2 = 0. Let p(q) = 17*q + 18*q - 45*q. Determine p(d).
10
Let k(n) = -65*n + 28*n - 5 + 36*n. Let z(j) = -2*j**3 - 66*j**2 - 60*j + 128. Let g be z(-32). Give k(g).
-5
Let h(r) = r**2 - 6*r + 3. Let n = -171 + 163. Let a be (20/n)/((-1)/2). Determine h(a).
-2
Let f(z) be the second derivative of -5*z**4/12 - z**2/2 - z. Suppose 0*g - 18*g = -72. Suppose 5 = 4*r + 3*d + 1, -3*d = -g*r + 4. Give f(r).
-6
Let r(n) = -3*n**3 - 8*n**2 + 15. Let k(l) = 7*l**3 + 14*l**2 + l - 29. Let t(d) = 2*k(d) + 5*r(d). Let m be t(-12). Let i(z) = z**2 + 8*z + 8. What is i(m)?
1
Let j(k) = -13*k - 41 + 8*k**2 - 17*k**2 + 8*k**2. Let b be j(-7). Let x(o) = -2*o**2 - o + 1. Determine x(b).
-2
Let v(q) be the third derivative of q**6/120 - q**5/20 - 25*q**4/24 - 23*q**3/6 + 1765*q**2 - 2. What is v(7)?
-2
Let t(k) = k**2 + 11*k - 24. Let o be (-4 + 5)*-33*1/3. What is t(o)?
-24
Let w(r) be the first derivative of -7*r**3/3 + 2*r**2 + 1008. Calculate w(-3).
-75
Suppose -n - 3 = 0, 4*n - 15 = 4*k - 23. Let l(x) = 9*x**2 + 6*x + 5. What is l(k)?
8
Let p be 0 + 17/((-68)/20). Let y(x) = x**3 + 3*x**2 - 4*x + 5. What is y(p)?
-25
Let o(m) = 3*m**2 + 13*m - 106. Let j(y) = -3*y**2 - 14*y + 71. Let w(x) = 3*j(x) + 2*o(x). What is w(-10)?
-139
Let l(d) = -2*d**2 + d + 6. Let o be (-58)/20 - (-232)/(-2320). What is l(o)?
-15
Let s(n) = 71*n**2 - 69*n**2 + 16 - 79*n**2 + 75*n**2 - 75*n + 29. Calculate s(-38).
7
Let y(g) = 5*g - 25. Let j(m) = 156*m - 11071. Let k be j(71). Determine y(k).
0
Let d(h) = -h**3 + 47*h**2 - 45*h - 45. Let c be d(46). Let x(r) = 9*r - 2 + 1 - 7*r - 1 + 7*r**2. What is x(c)?
7
Let a(h) = -79*h - 7. Let g be a(-1). Suppose -48 = -10*p + g. Let u(c) = -c**2 + 12*c + 4. Give u(p).
4
Let a(o) = 2*o**2 + 3*o + 3. Let p = 49 - 46. Suppose 4*x + c = -2*c + 32, p*x + 2*c - 25 = 0. Suppose -q + 8 = x. Give a(q).
12
Let h(c) = c**3 - 42*c**2 + 37*c + 164. Let d be 9/(-27) - 372/(-9). Let s be h(d). Let l(z) = -z - z**2 - 6 + 1 - 6. Give l(s).
-11
Let g(s) = s**3 - 8*s**2 - 6*s + 6. Let a(j) = -j**2 + j + 350. Let i be a(-18). Calculate g(i).
-42
Suppose -v - 9*v = -30. Let i(k) = 3*k**v + 1 - k + 2*k - 4 - 4*k. Let l = 119 + -121. Calculate i(l).
-21
Let u = 21389 - 21381. Let s(o) = -o**2 + 14*o + 4. What is s(u)?
52
Let z(s) = 127*s - 158. Let f(v) = -177*v + 221. Let m(b) = 13*f(b) + 18*z(b). What is m(-3)?
74
Suppose 21*x - 24 = 18. Let g(z) = 32*z**2 - 10*z - 4. Let k(n) = -10*n**2 + 3*n + 1. Let j(m) = x*g(m) + 7*k(m). Determine j(-2).
-27
Let a = -305 + 344. Let v(l) = 28 - 128 + a + 35 + l + 34. Calculate v(-7).
1
Let x(i) = i**3 - 5*i**2 + 4*i + 5. Suppose -3*l - 4*n - 28 = -l, -5*n - 50 = 4*l. Let h be ((16/l)/4)/((-15)/150). Determine x(h).
5
Let p(s) = s**3 + 4*s**2 - 2*s - 1. Let b(w) = -3*w**2 + w - 2. Suppose 2*f - 7 = -5*v, -f - v = 4 - 6. Let x be b(f). Calculate p(x).
7
Let a(l) = 3*l - 12. Let c(u) = -28*u + 24. Let g(x) = 7*a(x) + c(x). Give g(-8).
-4
Let g(t) = 14*t + 1. Let s = 299 - 296. Suppose -h - s*h - 4 = 0. Give g(h).
-13
Let t(f) = -5*f**3 - 4*f**2 - 2*f - 16. Let c(b) = 17*b**3 + 11*b**2 + 7*b + 53. Let a(m) = -3*c(m) - 10*t(m). Let s = 3 - -4. Calculate a(s).
-6
Let g(l) be the first derivative of -l**4/4 - 3*l**3 + l**2/2 + 10*l + 76918. Let p(m) = -m**2. Let w be p(3). Give g(w).
1
Let n(f) = -f - 4. Let l(j) be the second derivative of j**4/12 + 5*j**3/6 - 9*j**2/2 + 3*j. Let p be l(-7). Let h be 1 + 20/p + 0. What is n(h)?
-9
Let l(h) = h + 3. Let t(f) be the second derivative of -f**2/2 - 10*f. Let v(x) = -2*l(x) - 6*t(x). Let n be 2/(-3) + (-2)/6. Give v(n).
2
Let w be (-2)/6*-3*5. Let y be w - 14 - -2 - 3. Let p(t) = -t - 8 + 1 - 4. Determine p(y).
-1
Let s(c) be the third derivative of c**5/12 + 53*c**4/24 - 13*c**3/3 - 621*c**2 + c. Determine s(-11).
-4
Suppose 0 = 2*y + 16*y - 3*y. Let t(c) = -c**2 - 7*c + 9*c + 1 + y*c**2 - 5*c. Give t(-3).
1
Let u(p) = -p**3 - 5*p**2 - 4*p. Suppose -5*j = -2*z + 3*z + 421, 5*z - 445 = 5*j. Let l be 10/j + (-106)/(-34). Let q be (-1 + l)*(-3*2)/3. Calculate u(q).
0
Let c(h) = -3*h + 14. Let b(x) = 4*x - 15. Let m(q) = -2*b(q) - 3*c(q). Let k = -426 + 436. Let z be m(k). Let o(y) = -y**3 + 2*y + 2. Give o(z).
6
Suppose -4*t + 3*n + 1121 = 0, 565 = 2*t + 4*n - n. Let b = 284 - t. Let f(o) = o**3 - o**2 - 4*o - 1. Give f(b).
5
Let p(o) be the second derivative of -o**3/6 - o**2 + 47*o - 2. Suppose 0 = -5*m - 6 - 4, 2*k - m + 12 = 0. What is p(k)?
5
Let i = -1283 - -1290. Let t(s) = -4*s**2 + 5*s - 7. Let z(v) = -3*v**2 + 5*v - 6. Let j(u) = 2*t(u) - 3*z(u). What is j(i)?
18
Let g(c) = 8 + 13 - c**3 + 25 + 7 - 12*c**2 + c + 3*c**2. Determine g(-9).
44
Suppose 21 = 3*i + r, -5*r + 11 = i + 4. Let f(v) = 18*v - 37. Calculate f(i).
89
Let h(v) = -4 - 2 + 5*v - 6*v + 4*v**3 - 3*v**3 + 7*v**2. Let i be h(-7). Let g(f) = 4 + 5*f - 2*f + 6*f - 5. Calculate g(i).
8
Let l(s) = 1378*s - 1367*s + 6 - 5. Calculate l(-5).
-54
Let i(y) be the third derivative of y**6/120 - 11*y**5/60 + 23*y**4/24 + 5*y**3/2 - 1093*y**2 - 1. Calculate i(8).
7
Let w(b) be the second derivative of b**5/20 - 3*b**4/4 - 11*b**3/6 + 7*b**2 + b. Let k(u) = 95*u + 4475. Let x be k(-47). Determine w(x).
4
Let r(p) = p**2 + p - 2. Let j be r(2). Suppose 0 = j*k - 11*k + 42. Let h(v) = -v**3 - 9 + 6*v + 17 + 5*v**2 - 13. Calculate h(k).
-5
Let i(x) = 2*x + 11. Let m(s) = -2*s - 11. Suppose 11*t - 7 = -40. Let v be m(t). Determine i(v).
1
Let s(g) = g**3 